
Does 99 divide 11313?
False
Does 91 divide 7644?
True
Is 37838 a multiple of 31?
False
Is 80293 a multiple of 179?
False
Does 38 divide 7030?
True
Does 5 divide 20?
True
Does 12 divide 6084?
True
Is 1312 a multiple of 32?
True
Does 409 divide 39617?
False
Does 13 divide 2705?
False
Is 2946 a multiple of 14?
False
Is 27 a factor of 2997?
True
Is 462 a multiple of 42?
True
Is 13 a factor of 2899?
True
Is 64 a factor of 30144?
True
Is 9 a factor of 23783?
False
Is 42 a factor of 25686?
False
Is 10 a factor of 2141?
False
Does 72 divide 3384?
True
Does 24 divide 3350?
False
Does 13 divide 1027?
True
Does 34 divide 9102?
False
Is 2 a factor of 140?
True
Is 390 even?
True
Is 3568 a multiple of 30?
False
Is 12 a factor of 1633?
False
Is 4734 a multiple of 6?
True
Is 297 a multiple of 33?
True
Is 5 a factor of 7595?
True
Does 10 divide 2105?
False
Does 26 divide 103?
False
Is 2832 a multiple of 35?
False
Does 59 divide 3344?
False
Is 11770 even?
True
Does 22 divide 704?
True
Does 29 divide 14084?
False
Is 12 a factor of 7686?
False
Is 26000 a multiple of 33?
False
Is 1400 a multiple of 14?
True
Is 455 a multiple of 7?
True
Is 39 a factor of 602?
False
Does 12 divide 9240?
True
Is 11618 a multiple of 74?
True
Is 156 a multiple of 13?
True
Is 12630 a multiple of 6?
True
Is 18382 a multiple of 75?
False
Is 12 a factor of 24192?
True
Is 1648 a multiple of 103?
True
Is 8080 a multiple of 20?
True
Is 21566 a multiple of 82?
True
Does 511 divide 82782?
True
Is 1177 a multiple of 30?
False
Is 29 a factor of 6447?
False
Does 12 divide 23862?
False
Does 27 divide 10690?
False
Is 38 a factor of 226?
False
Does 102 divide 1673?
False
Does 17 divide 8568?
True
Is 18 a factor of 1896?
False
Does 31 divide 63457?
True
Is 19 a factor of 665?
True
Is 10536 a multiple of 12?
True
Is 6 a factor of 401?
False
Does 10 divide 735?
False
Is 4608 a multiple of 32?
True
Is 6 a factor of 301?
False
Is 163 a multiple of 4?
False
Is 226 a factor of 17137?
False
Does 3 divide 1899?
True
Does 133 divide 4921?
True
Is 14 a factor of 1582?
True
Is 11 a factor of 297?
True
Is 4 a factor of 1691?
False
Does 17 divide 10540?
True
Does 89 divide 16554?
True
Is 1174 a multiple of 13?
False
Is 3 a factor of 159?
True
Does 38 divide 298?
False
Is 18424 a multiple of 13?
False
Is 12 a factor of 563?
False
Is 24 a factor of 744?
True
Is 14142 a multiple of 181?
False
Is 12 a factor of 32150?
False
Is 9442 a multiple of 231?
False
Does 3 divide 61?
False
Is 6712 a multiple of 101?
False
Does 6 divide 348?
True
Is 17 a factor of 251?
False
Does 32 divide 3922?
False
Is 87 a factor of 1446?
False
Does 11 divide 38410?
False
Is 16 a factor of 192?
True
Is 2 a factor of 181?
False
Does 18 divide 3556?
False
Is 15 a factor of 4500?
True
Does 13 divide 1027?
True
Is 432 a multiple of 17?
False
Does 30 divide 22740?
True
Is 30 a factor of 1873?
False
Does 11 divide 345?
False
Is 3414 a multiple of 24?
False
Is 78 a factor of 20592?
True
Is 318 a multiple of 10?
False
Is 471 a multiple of 16?
False
Is 5505 a multiple of 11?
False
Is 230 a factor of 2607?
False
Is 20244 a multiple of 35?
False
Does 44 divide 176?
True
Is 3 a factor of 1027?
False
Is 1651 a multiple of 83?
False
Is 10 a factor of 160?
True
Is 149 a factor of 36605?
False
Does 20 divide 2737?
False
Is 16 a factor of 1080?
False
Does 12 divide 1266?
False
Is 30 a factor of 1020?
True
Does 18 divide 988?
False
Is 148 a factor of 23223?
False
Is 1225 a multiple of 7?
True
Is 24 a multiple of 10?
False
Is 26 a factor of 4054?
False
Does 68 divide 33184?
True
Does 86 divide 1978?
True
Is 13 a factor of 1637?
False
Is 3 a factor of 699?
True
Is 13 a factor of 1118?
True
Is 18 a factor of 10620?
True
Does 83 divide 81423?
True
Is 2596 a multiple of 11?
True
Is 196 a multiple of 14?
True
Is 736 a multiple of 78?
False
Is 13350 a multiple of 5?
True
Does 38 divide 2960?
False
Is 813 a multiple of 12?
False
Is 3304 a multiple of 59?
True
Does 28 divide 1764?
True
Is 5 a factor of 416?
False
Is 8 a factor of 13152?
True
Is 274 a multiple of 42?
False
Is 8 a factor of 704?
True
Does 36 divide 820?
False
Does 81 divide 2597?
False
Is 19 a factor of 814?
False
Is 294 a multiple of 14?
True
Is 25 a factor of 1450?
True
Is 42 a factor of 594?
False
Does 135 divide 259?
False
Does 16 divide 78426?
False
Is 362 a factor of 99912?
True
Does 7 divide 106?
False
Does 185 divide 15525?
False
Is 817 a multiple of 43?
True
Is 52 a factor of 998?
False
Is 520 a multiple of 26?
True
Is 67 a factor of 1302?
False
Does 3 divide 915?
True
Does 6 divide 312?
True
Does 16 divide 192?
True
Does 46 divide 856?
False
Does 13 divide 23983?
False
Is 145 a multiple of 145?
True
Is 594 a multiple of 11?
True
Is 137 a factor of 12256?
False
Does 4 divide 967?
False
Does 36 divide 605?
False
Is 18373 a multiple of 18?
False
Does 14 divide 404?
False
Does 14 divide 5691?
False
Does 44 divide 2688?
False
Is 20384 a multiple of 112?
True
Is 101 a multiple of 2?
False
Is 81 a multiple of 14?
False
Is 404 a multiple of 6?
False
Is 643 a multiple of 4?
False
Is 142209 a multiple of 207?
True
Is 414 a multiple of 18?
True
Is 96 a multiple of 12?
True
Is 288 a multiple of 18?
True
Is 78 a factor of 23244?
True
Does 5 divide 2616?
False
Is 276 a multiple of 3?
True
Does 25 divide 2227?
False
Does 54 divide 162?
True
Is 1142 a multiple of 12?
False
Is 215 a factor of 22575?
True
Does 11 divide 803?
True
Does 4 divide 17702?
False
Is 65 a factor of 5592?
False
Does 13 divide 10891?
False
Is 54855 a multiple of 69?
True
Is 110 a factor of 44565?
False
Does 9 divide 1908?
True
Does 87 divide 174?
True
Does 64 divide 960?
True
Does 15 divide 1362?
False
Is 140 a multiple of 5?
True
Does 9 divide 423?
True
Is 1417 a multiple of 4?
False
Is 499 a multiple of 6?
False
Does 308 divide 11861?
False
Is 2 a factor of 496?
True
Is 77 a factor of 3311?
True
Does 73 divide 584?
True
Does 172 divide 128828?
True
Is 45 a factor of 3465?
True
Is 1701 a multiple of 27?
True
Is 25 a factor of 2715?
False
Is 44 a factor of 132?
True
Does 7 divide 23828?
True
Is 27 a factor of 32481?
True
Does 35 divide 35?
True
Is 5 a factor of 29?
False
Does 21 divide 1507?
False
Does 11 divide 1826?
True
Is 25515 a multiple of 243?
True
Is 18853 a multiple of 103?
False
Is 15120 a multiple of 36?
True
Is 9846 a multiple of 110?
False
Does 11 divide 2376?
True
Is 48 a factor of 41424?
True
Is 63 a factor of 2014?
False
Is 4 a factor of 196?
True
Is 1062 a multiple of 66?
False
Is 18 a factor of 53373?
False
Is 87 a factor of 58725?
True
Is 24 a factor of 14520?
True
Is 35405 a multiple of 101?
False
Does 31 divide 126?
False
Does 14 divide 406?
True
Is 2714 a multiple of 5?
False
Does 8 divide 19984?
True
Is 53040 a multiple of 80?
True
Is 19 a factor of 5947?
True
Is 49 a factor of 15827?
True
Is 10 a factor of 19014?
False
Is 370 a multiple of 5?
True
Does 130 divide 31720?
True
Does 16 divide 3008?
True
Is 7168 a multiple of 56?
True
Is 2940 a multiple of 12?
True
Does 13 divide 16505?
False
Does 118 divide 33512?
True
Is 23478 a multiple of 86?
True
Is 37 a factor of 147?
False
Does 16 divide 336?
True
Is 5643 a multiple of 33?
True
Is 2 a factor of 172?
True
Is 105 a factor of 2517?
False
Is 52 a factor of 22055?
False
Is 97 a factor of 1156?
False
Is 13 a factor of 72124?
True
Does 115 divide 3758?
False
Is 29682 a multiple of 91?
False
Is 32 a factor of 6144?
True
Does 9 divide 278?
False
Is 26 a factor of 504?
False
Is 2057 a multiple of 11?
True
Does 107 divide 1486?
False
Is 22 a factor of 630?
False
Is 3 a factor of 3180?
True
Does 6 divide 4234?
False
Does 13 divide 27660?
False
Does 136 divide 3944?
True
Is 297 a multiple of 11?
True
Does 13 divide 2938?
True
Is 46 a factor of 3001?
False
Does 3 divide 28?
False
Is 4315 a multiple of 30?
False
Is 6 a factor of 222?
True
Is 12 a factor of 1236?
True
Is 10498 a multiple of 29?
True
Is 442 a multiple of 65?
False
Does 12 divide 762?
False
Is 189 a multiple of 27?
True
Is 1345 a multiple of 16?
False
Is 9260 a multiple of 10?
True
Is 51198 a multiple of 161?
True
Does 13 divide 681?
False
Is 2277 a multiple of 33?
True
Is 11 a factor of 46464?
True
Does 15 divide 41790?
True
Does 21 divide 3423?
True
Is 58 a factor of 6148?
True
Is 18408 a multiple of 104?